{"id":907,"date":"2013-06-30T07:00:34","date_gmt":"2013-06-30T14:00:34","guid":{"rendered":"http:\/\/www.gmpuzzles.com\/blog\/?page_id=907"},"modified":"2024-09-04T13:02:44","modified_gmt":"2024-09-04T20:02:44","slug":"about-our-contributing-puzzlemasters","status":"publish","type":"page","link":"https:\/\/www.gmpuzzles.com\/blog\/about-our-contributing-puzzlemasters\/","title":{"rendered":"About Our Contributors"},"content":{"rendered":"<p>Grandmaster Puzzles is proud to present its up-to-date list of Contributing Puzzlemasters. Selection is difficult and generally requires a solid length of time producing amazing puzzles (while many can be Contributors, few can be considered Puzzlemasters too!). The people on this list are here because they are some of the finest puzzlemakers around.<\/p>\n<p>&nbsp;<\/p>\n<div>\n<table>\n<tbody>\n<tr>\n<td><img decoding=\"async\" class=\"leftmargin\" title=\"Grant Fikes\" src=\"https:\/\/www.gmpuzzles.com\/images\/Grant.png\" alt=\"\" width=\"125\" \/><\/td>\n<td><b><a href=\"https:\/\/www.gmpuzzles.com\/blog\/author\/mathgrant\/\">Grant Fikes<\/a><\/b> has been experimenting with logic puzzle construction for many years, first on LiveJournal and then, after honing his craft, on Blogspot. His &#8220;<a href=\"http:\/\/mathgrant.blogspot.com\/\">A Cleverly-Titled Logic Blog<\/a>&#8221; now has over 700 puzzles. Grant&#8217;s puzzles have appeared in Akil Oyunlari, Sudoku Xtra, the 2012 and 2013 US Puzzle Championships, and two Logic Masters India tests co-authored with Palmer Mebane. Grant is also the designer of the board game Battle of LITS, a two-player game inspired by the logic puzzle LITS.<\/td>\n<\/tr>\n<\/tbody>\n<\/table>\n<\/div>\n<p>&nbsp;<\/p>\n<div>\n<table>\n<tbody>\n<tr>\n<td><img decoding=\"async\" class=\"leftmargin\" title=\"Prasanna Seshadri\" src=\"https:\/\/www.gmpuzzles.com\/images\/Prasanna.png\" alt=\"\" width=\"125\" \/><\/td>\n<td><b><a href=\"https:\/\/www.gmpuzzles.com\/blog\/author\/prasanna-seshadri\/\">Prasanna Seshadri<\/a><\/b> is a puzzlemaster from India. In 2013, he was the Indian Double Champion, winning both the Indian Sudoku and Puzzle Championships. He holds the best individual ranking by an Indian at the World Sudoku Championship (7th) and World Puzzle Championship (2nd). As a puzzlemaker, Prasanna co-authored the <a href=\"http:\/\/logicmastersindia.com\/Books\/SudokuMixVol1\/\">Sudoku Mix book<\/a> released by <a href=\"http:\/\/logicmastersindia.com\/\">Logic Masters India<\/a> and has contributed to many championships including the WPC, the 24HPC, and the Sudoku and Puzzle Grand Prix series. He plays an important role in expanding puzzling in India by helping with the LMI Beginners&#8217; contests and by organizing workshops and events like <a href=\"http:\/\/delhibraingames.in\/contributor.html\">Brain Games<\/a>, <a href=\"http:\/\/logicmastersindia.com\/SM\/2014-15.asp\">Sudoku Mahabharat<\/a>, and <a href=\"http:\/\/logicmastersindia.com\/PR\/2015-16pr.asp\">Puzzle Ramayan<\/a>. He was the lead trainer of the Indian Juniors Team that placed 2nd at the WJSC in 2015. Many of his puzzles can be found on his <a href=\"http:\/\/prasannaseshadri.wordpress.com\/\">puzzle blog<\/a> where he has been posting since January 2012.<\/td>\n<\/tr>\n<\/tbody>\n<\/table>\n<\/div>\n<p>&nbsp;<\/p>\n<div>\n<table>\n<tbody>\n<tr>\n<td><img decoding=\"async\" class=\"leftmargin\" title=\"Murat Can Tonta\" src=\"https:\/\/www.gmpuzzles.com\/images\/Murat.gif\" alt=\"\" \/><\/td>\n<td><b><a href=\"https:\/\/www.gmpuzzles.com\/blog\/author\/murat-can-tonta\/\">Murat Can Tonta<\/a><\/b>, or anagrams thereof, is a puzzlemaster from Turkey. An enthusiastic puzzle solver for years, he was inspired by the magazine Ak\u0131l Oyunlar\u0131 and authors like Serkan Y\u00fcrekli to try his hand at designing puzzles. A regular contributor to Ak\u0131l Oyunlar\u0131 until its discontinuation, Murat has also authored three puzzle books, a puzzle set for <a href=\"http:\/\/logicmastersindia.com\/lmitests\/?test=M201105P\">Logic Masters India<\/a>, and puzzles for the World Puzzle Championship, LMI qualifiers, the 24HPC, and inter-school competitions. He is an author and judge at <a href=\"http:\/\/www.puzzlepicnic.com\/profile?Murat\">PuzzlePicnic<\/a>. His hobbies include narrowly failing to qualify for the WPC every year, though he mostly quit this hobby in recent years.<\/td>\n<\/tr>\n<\/tbody>\n<\/table>\n<\/div>\n<p>&nbsp;<\/p>\n<div>\n<table>\n<tbody>\n<tr>\n<td><img decoding=\"async\" class=\"leftmargin\" title=\"Ashish Kumar\" src=\"https:\/\/www.gmpuzzles.com\/images\/ashish-kumar.jpg\" alt=\"\" width=\"125\" \/><\/td>\n<td><b><a href=\"https:\/\/www.gmpuzzles.com\/blog\/author\/ashish-kumar\/\">Ashish Kumar<\/a><\/b> is a passionate puzzle creator from Chennai, India. He started puzzling in 2012 and over the years since has become a regular top Indian puzzle solver and constructor. Ashish has contributed puzzles to numerous online tournaments including the WPF Sudoku and Puzzle Grand Prix series, the 24HPC, the Brand&#8217;s Sudoku Cup, the UK Sudoku and Puzzle Championships, and the Sudoku Mahabharat and Puzzle Ramayan series. Ashish was part of the puzzle constructing team for the World Sudoku and World Puzzle Championships in 2017 hosted by India. His book, <a href=\"https:\/\/solvetheunsolvable.wordpress.com\/enthralling-sudoku\/\">Enthralling Sudoku<\/a>, hit the charts in 2018 and garnered great reviews. He plans to release a sequel soon. He has also authored a <a href=\"https:\/\/shop.gmpuzzles.com\/search?q=ashish+kumar\">few e-books<\/a> for Grandmaster Puzzles.<\/td>\n<\/tr>\n<\/tbody>\n<\/table>\n<\/div>\n<p>&nbsp;<\/p>\n<div>\n<table>\n<tbody>\n<tr>\n<td><img decoding=\"async\" class=\"leftmargin\" title=\"John Bulten\" src=\"https:\/\/www.gmpuzzles.com\/images\/jjbulten.png\" alt=\"\" width=\"125\" \/><\/td>\n<td><b><a href=\"https:\/\/www.gmpuzzles.com\/blog\/author\/johnbulten\/\">John Bulten<\/a><\/b>, former puzzle editor for news network WND, is a groundbreaking enigmatologist. He read <a href=\"http:\/\/www.gamesmagazine-online.com\">GAMES<\/a> magazine in the 70s and became an expert on sudoku and Bible codes in the 80s, before any of them were mainstreamed. A voluble <a href=\"http:\/\/www.puzzlers.org\">National Puzzlers\u2019 League<\/a> and \u201c<a href=\"http:\/\/www.wordways.com\">Word Ways<\/a>\u201d author, John invented the 3-D crossword and coauthored the first word-rank crossword dictionary. John organized tournaments as director of the Tulsa <a href=\"http:\/\/www.scrabbleplayers.org\">Scrabble<\/a> Club but claims no need to defend his top 100 ranking; he would rather keep teaching puzzlemaking to his wife and three children, and publishing unique research and analysis on ancient enigmas and modern puzzles.<\/td>\n<\/tr>\n<\/tbody>\n<\/table>\n<\/div>\n<p>&nbsp;<\/p>\n<div>\n<table>\n<tbody>\n<tr>\n<td><img decoding=\"async\" class=\"leftmargin\" title=\"Palmer Mebane\" src=\"https:\/\/www.gmpuzzles.com\/images\/melon.jpg\" alt=\"\" width=\"125\" \/><\/td>\n<td><b><a href=\"https:\/\/www.gmpuzzles.com\/blog\/author\/mellowmelon\/\">Palmer Mebane<\/a><\/b>, or MellowMelon online, is a puzzlemaster from the USA. He works as a developer and educator at <a href=\"http:\/\/www.artofproblemsolving.com\/\">Art of Problem Solving<\/a> and spends the rest of his time on math problems or logic puzzles. He won the US Puzzle Championship in 2011 and 2013, and he was 1st after the preliminary rounds at the 2013 World Puzzle Championship. On the authoring side, he has posted hundreds of puzzles on his former blog <a href=\"http:\/\/mellowmelon.wordpress.com\/\">Melon&#8217;s Puzzles<\/a>, and he cowrote a number of competitions such as both Fillomino-Fillias at <a href=\"http:\/\/logicmastersindia.com\/forum\/category-view.asp\">Logic Masters India<\/a> (with Grant Fikes) and the Team USA rounds for the 24HPC in 2012 and the WPC in 2013 (both with Thomas Snyder and Wei-Hwa Huang).<\/td>\n<\/tr>\n<\/tbody>\n<\/table>\n<\/div>\n<p>&nbsp;<\/p>\n<div>\n<table>\n<tbody>\n<tr>\n<td><img decoding=\"async\" class=\"leftmargin\" title=\"JinHoo Ahn\" src=\"https:\/\/www.gmpuzzles.com\/images\/Pentominous-ThreeTypes.png\" alt=\"\" width=\"125\" \/><\/td>\n<td><b><a href=\"https:\/\/www.gmpuzzles.com\/blog\/author\/jinhoo-ahn\/\">JinHoo Ahn<\/a><\/b> is from South Korea and majored in mathematics, focusing on mathematical logic. JinHoo enjoys solving many kinds of puzzles, particularly logic puzzle video games. As a puzzle designer, JinHoo first gained notice for mechanical puzzles. His first puzzle, <a href=\"https:\/\/puzzleworld.org\/DesignCompetition\/2012\/results.htm\">Double G (or G&amp;G)<\/a>, won a Jury Grand Prize at the <a href=\"https:\/\/puzzleworld.org\/DesignCompetition\/\">Nob Yoshigahara Puzzle Design Competition<\/a> in 2012, and two other puzzles won awards in 2014 and 2016. JinHoo only recently started designing logic puzzles, initially thinking that logic puzzle design was meaningless as there were too many computer-generated puzzles out there. But after finding GMPuzzles in 2017, JinHoo discovered that logic puzzles can have beauty in their visual themes and solving steps and he began trying to create elegant puzzles. Many of his early submissions have earned &#8220;Best of&#8221; the year awards including the <a href=\"https:\/\/www.gmpuzzles.com\/blog\/2020\/06\/pentominous-by-jinhoo-ahn-2\/\">Three Types Pentominous<\/a> puzzle shown here. His first book of logic puzzles, <a href=\"https:\/\/shop.gmpuzzles.com\/products\/star-battle\">Star Battle<\/a>, was published at the end of 2020.<\/td>\n<\/tr>\n<\/tbody>\n<\/table>\n<\/div>\n<p>&nbsp;<\/p>\n<div>\n<table>\n<tbody>\n<tr>\n<td><img decoding=\"async\" class=\"leftmargin\" title=\"Tom Collyer\" src=\"https:\/\/www.gmpuzzles.com\/images\/tomc.png\" alt=\"\" width=\"125\" \/><\/td>\n<td><b><a href=\"https:\/\/www.gmpuzzles.com\/blog\/author\/tom-collyer\/\">Tom Collyer<\/a><\/b> has been solving puzzles since the Times ignited the worldwide sudoku craze in 2004. Initially something of a sudoku specialist, his puzzling enthusiasm was further developed after discovering nikoli.com. Deciding this was an excellent distraction to his PhD studies, in 2009 he began publishing a regular &#8220;Friday Puzzles&#8221; feature on his blog <a href=\"http:\/\/tcollyer.blogspot.com\/\">detuned radio<\/a>, which continues to this day. He has also been heavily involved with the newly founded <a href=\"http:\/\/www.ukpuzzles.org\">UK Puzzle Association<\/a>. As a solver, he is a regular fixture at WSC&#8217;s and WPC&#8217;s representing the UK; as an author, he was the Competition Director of the 9th WSC, and has also organized and contributed to numerous international competitions, as well as the <a href=\"http:\/\/www.facebook.com\/groups\/309473799153072\/\">Daily League<\/a> sudoku project.<\/td>\n<\/tr>\n<\/tbody>\n<\/table>\n<\/div>\n<p>&nbsp;<\/p>\n<div>\n<table>\n<tbody>\n<tr>\n<td><img decoding=\"async\" class=\"leftmargin\" title=\"Carl Worth\" src=\"https:\/\/www.gmpuzzles.com\/images\/carl-worth.jpg\" alt=\"\" width=\"125\" \/><\/td>\n<td><b><a href=\"https:\/\/www.gmpuzzles.com\/blog\/author\/cworth\/\">Carl Worth<\/a><\/b> first gained his love for puzzles by growing up in a puzzle-loving family with a subscription to <a href=\"http:\/\/www.gamesmagazine-online.com\/\">GAMES magazine<\/a> and regular brainteasers posed at the dinner table (Martin Gardner was a frequent source). He finds that puzzle-solving shows up in many of his activities, from computer programming to rock climbing. His interest in puzzle construction began with a set of <a href=\"https:\/\/cworth.org\/christmas_code\/\">annual Christmas puzzles<\/a> he has written for his children for several years. He now contributes regularly within the <a href=\"http:\/\/www.puzzlers.org\/\">National Puzzler&#8217;s League<\/a> and has also had puzzles featured in the <a href=\"http:\/\/wpc.puzzles.com\/uspc2016\/\">US Puzzle Championship<\/a>.<\/td>\n<\/tr>\n<\/tbody>\n<\/table>\n<\/div>\n<p>&nbsp;<\/p>\n<div>\n<table>\n<tbody>\n<tr>\n<td><img decoding=\"async\" class=\"leftmargin\" title=\"Takeya Saikachi\" src=\"https:\/\/www.gmpuzzles.com\/images\/Takeya.jpg\" alt=\"\" width=\"125\" \/><\/td>\n<td><b><a href=\"https:\/\/www.gmpuzzles.com\/blog\/author\/takeya-saikachi\/\">Takeya Saikachi<\/a><\/b> is a puzzlemaker from Japan. When he was young, around the early 1990s, he first discovered puzzles through the magazine Puzzler (which was introducing many new puzzle types like Skyscrapers and How Many Kinds? at the time). By the early 2000s, Takeya was designing some of his first puzzles, and had a few accepted for publication in Nikoli&#8217;s magazines; he also started competing at puzzles, placing 3rd at the 2004 Japan Puzzle Championship and competing in his first World Puzzle Championship that year. The international experience made Takeya even more excited to create logic puzzles. In the following years, Takeya has finished as high as 13th (unofficial) at the 2013 WPC, and has contributed puzzles to many different books, magazines (like Akil Oyunlari), and competitions (like 24hPC). In 2013, Takeya was part of the founding team of six puzzlemakers to self-publish the puzzle magazine <a href=\"http:\/\/puzzle-toketa.blogspot.com\/\">&#8220;Toketa?&#8221;<\/a>, which continues to be released once a year.<\/td>\n<\/tr>\n<\/tbody>\n<\/table>\n<\/div>\n<p>&nbsp;<\/p>\n","protected":false},"excerpt":{"rendered":"<p>Grandmaster Puzzles is proud to present its up-to-date list of Contributing Puzzlemasters. Selection is difficult and generally requires a solid length of time producing amazing puzzles (while many can be Contributors, few can be considered Puzzlemasters too!). The people on this list are here because they are some of the finest puzzlemakers around. &nbsp; Grant [&hellip;]<\/p>\n","protected":false},"author":1,"featured_media":0,"parent":0,"menu_order":0,"comment_status":"open","ping_status":"open","template":"","meta":{"footnotes":""},"class_list":["post-907","page","type-page","status-publish","hentry"],"yoast_head":"<!-- This site is optimized with the Yoast SEO plugin v27.3 - https:\/\/yoast.com\/product\/yoast-seo-wordpress\/ -->\n<title>About Our Contributors - The Art of Puzzles<\/title>\n<meta name=\"description\" content=\"Meet the incredible puzzlemasters behind Grandmaster Puzzles. These people are among the best puzzle designers out there.\" \/>\n<meta name=\"robots\" content=\"index, follow, max-snippet:-1, max-image-preview:large, max-video-preview:-1\" \/>\n<link rel=\"canonical\" href=\"https:\/\/www.gmpuzzles.com\/blog\/about-our-contributing-puzzlemasters\/\" \/>\n<meta property=\"og:locale\" content=\"en_US\" \/>\n<meta property=\"og:type\" content=\"article\" \/>\n<meta property=\"og:title\" content=\"About Our Contributors - The Art of Puzzles\" \/>\n<meta property=\"og:description\" content=\"Meet the incredible puzzlemasters behind Grandmaster Puzzles. These people are among the best puzzle designers out there.\" \/>\n<meta property=\"og:url\" content=\"https:\/\/www.gmpuzzles.com\/blog\/about-our-contributing-puzzlemasters\/\" \/>\n<meta property=\"og:site_name\" content=\"The Art of Puzzles\" \/>\n<meta property=\"article:modified_time\" content=\"2024-09-04T20:02:44+00:00\" \/>\n<meta property=\"og:image\" content=\"https:\/\/www.gmpuzzles.com\/images\/Grant.png\" \/>\n<meta name=\"twitter:card\" content=\"summary_large_image\" \/>\n<meta name=\"twitter:site\" content=\"@drsudoku\" \/>\n<meta name=\"twitter:label1\" content=\"Est. reading time\" \/>\n\t<meta name=\"twitter:data1\" content=\"8 minutes\" \/>\n<script type=\"application\/ld+json\" class=\"yoast-schema-graph\">{\"@context\":\"https:\\\/\\\/schema.org\",\"@graph\":[{\"@type\":\"WebPage\",\"@id\":\"https:\\\/\\\/www.gmpuzzles.com\\\/blog\\\/about-our-contributing-puzzlemasters\\\/\",\"url\":\"https:\\\/\\\/www.gmpuzzles.com\\\/blog\\\/about-our-contributing-puzzlemasters\\\/\",\"name\":\"About Our Contributors - The Art of Puzzles\",\"isPartOf\":{\"@id\":\"https:\\\/\\\/www.gmpuzzles.com\\\/blog\\\/#website\"},\"primaryImageOfPage\":{\"@id\":\"https:\\\/\\\/www.gmpuzzles.com\\\/blog\\\/about-our-contributing-puzzlemasters\\\/#primaryimage\"},\"image\":{\"@id\":\"https:\\\/\\\/www.gmpuzzles.com\\\/blog\\\/about-our-contributing-puzzlemasters\\\/#primaryimage\"},\"thumbnailUrl\":\"https:\\\/\\\/www.gmpuzzles.com\\\/images\\\/Grant.png\",\"datePublished\":\"2013-06-30T14:00:34+00:00\",\"dateModified\":\"2024-09-04T20:02:44+00:00\",\"description\":\"Meet the incredible puzzlemasters behind Grandmaster Puzzles. These people are among the best puzzle designers out there.\",\"breadcrumb\":{\"@id\":\"https:\\\/\\\/www.gmpuzzles.com\\\/blog\\\/about-our-contributing-puzzlemasters\\\/#breadcrumb\"},\"inLanguage\":\"en-US\",\"potentialAction\":[{\"@type\":\"ReadAction\",\"target\":[\"https:\\\/\\\/www.gmpuzzles.com\\\/blog\\\/about-our-contributing-puzzlemasters\\\/\"]}]},{\"@type\":\"ImageObject\",\"inLanguage\":\"en-US\",\"@id\":\"https:\\\/\\\/www.gmpuzzles.com\\\/blog\\\/about-our-contributing-puzzlemasters\\\/#primaryimage\",\"url\":\"https:\\\/\\\/www.gmpuzzles.com\\\/images\\\/Grant.png\",\"contentUrl\":\"https:\\\/\\\/www.gmpuzzles.com\\\/images\\\/Grant.png\"},{\"@type\":\"BreadcrumbList\",\"@id\":\"https:\\\/\\\/www.gmpuzzles.com\\\/blog\\\/about-our-contributing-puzzlemasters\\\/#breadcrumb\",\"itemListElement\":[{\"@type\":\"ListItem\",\"position\":1,\"name\":\"Home\",\"item\":\"https:\\\/\\\/www.gmpuzzles.com\\\/blog\\\/\"},{\"@type\":\"ListItem\",\"position\":2,\"name\":\"About Our Contributors\"}]},{\"@type\":\"WebSite\",\"@id\":\"https:\\\/\\\/www.gmpuzzles.com\\\/blog\\\/#website\",\"url\":\"https:\\\/\\\/www.gmpuzzles.com\\\/blog\\\/\",\"name\":\"The Art of Puzzles\",\"description\":\"Grandmaster Puzzles\",\"potentialAction\":[{\"@type\":\"SearchAction\",\"target\":{\"@type\":\"EntryPoint\",\"urlTemplate\":\"https:\\\/\\\/www.gmpuzzles.com\\\/blog\\\/?s={search_term_string}\"},\"query-input\":{\"@type\":\"PropertyValueSpecification\",\"valueRequired\":true,\"valueName\":\"search_term_string\"}}],\"inLanguage\":\"en-US\"}]}<\/script>\n<!-- \/ Yoast SEO plugin. -->","yoast_head_json":{"title":"About Our Contributors - The Art of Puzzles","description":"Meet the incredible puzzlemasters behind Grandmaster Puzzles. These people are among the best puzzle designers out there.","robots":{"index":"index","follow":"follow","max-snippet":"max-snippet:-1","max-image-preview":"max-image-preview:large","max-video-preview":"max-video-preview:-1"},"canonical":"https:\/\/www.gmpuzzles.com\/blog\/about-our-contributing-puzzlemasters\/","og_locale":"en_US","og_type":"article","og_title":"About Our Contributors - The Art of Puzzles","og_description":"Meet the incredible puzzlemasters behind Grandmaster Puzzles. These people are among the best puzzle designers out there.","og_url":"https:\/\/www.gmpuzzles.com\/blog\/about-our-contributing-puzzlemasters\/","og_site_name":"The Art of Puzzles","article_modified_time":"2024-09-04T20:02:44+00:00","og_image":[{"url":"https:\/\/www.gmpuzzles.com\/images\/Grant.png","type":"","width":"","height":""}],"twitter_card":"summary_large_image","twitter_site":"@drsudoku","twitter_misc":{"Est. reading time":"8 minutes"},"schema":{"@context":"https:\/\/schema.org","@graph":[{"@type":"WebPage","@id":"https:\/\/www.gmpuzzles.com\/blog\/about-our-contributing-puzzlemasters\/","url":"https:\/\/www.gmpuzzles.com\/blog\/about-our-contributing-puzzlemasters\/","name":"About Our Contributors - The Art of Puzzles","isPartOf":{"@id":"https:\/\/www.gmpuzzles.com\/blog\/#website"},"primaryImageOfPage":{"@id":"https:\/\/www.gmpuzzles.com\/blog\/about-our-contributing-puzzlemasters\/#primaryimage"},"image":{"@id":"https:\/\/www.gmpuzzles.com\/blog\/about-our-contributing-puzzlemasters\/#primaryimage"},"thumbnailUrl":"https:\/\/www.gmpuzzles.com\/images\/Grant.png","datePublished":"2013-06-30T14:00:34+00:00","dateModified":"2024-09-04T20:02:44+00:00","description":"Meet the incredible puzzlemasters behind Grandmaster Puzzles. These people are among the best puzzle designers out there.","breadcrumb":{"@id":"https:\/\/www.gmpuzzles.com\/blog\/about-our-contributing-puzzlemasters\/#breadcrumb"},"inLanguage":"en-US","potentialAction":[{"@type":"ReadAction","target":["https:\/\/www.gmpuzzles.com\/blog\/about-our-contributing-puzzlemasters\/"]}]},{"@type":"ImageObject","inLanguage":"en-US","@id":"https:\/\/www.gmpuzzles.com\/blog\/about-our-contributing-puzzlemasters\/#primaryimage","url":"https:\/\/www.gmpuzzles.com\/images\/Grant.png","contentUrl":"https:\/\/www.gmpuzzles.com\/images\/Grant.png"},{"@type":"BreadcrumbList","@id":"https:\/\/www.gmpuzzles.com\/blog\/about-our-contributing-puzzlemasters\/#breadcrumb","itemListElement":[{"@type":"ListItem","position":1,"name":"Home","item":"https:\/\/www.gmpuzzles.com\/blog\/"},{"@type":"ListItem","position":2,"name":"About Our Contributors"}]},{"@type":"WebSite","@id":"https:\/\/www.gmpuzzles.com\/blog\/#website","url":"https:\/\/www.gmpuzzles.com\/blog\/","name":"The Art of Puzzles","description":"Grandmaster Puzzles","potentialAction":[{"@type":"SearchAction","target":{"@type":"EntryPoint","urlTemplate":"https:\/\/www.gmpuzzles.com\/blog\/?s={search_term_string}"},"query-input":{"@type":"PropertyValueSpecification","valueRequired":true,"valueName":"search_term_string"}}],"inLanguage":"en-US"}]}},"_links":{"self":[{"href":"https:\/\/www.gmpuzzles.com\/blog\/wp-json\/wp\/v2\/pages\/907","targetHints":{"allow":["GET"]}}],"collection":[{"href":"https:\/\/www.gmpuzzles.com\/blog\/wp-json\/wp\/v2\/pages"}],"about":[{"href":"https:\/\/www.gmpuzzles.com\/blog\/wp-json\/wp\/v2\/types\/page"}],"author":[{"embeddable":true,"href":"https:\/\/www.gmpuzzles.com\/blog\/wp-json\/wp\/v2\/users\/1"}],"replies":[{"embeddable":true,"href":"https:\/\/www.gmpuzzles.com\/blog\/wp-json\/wp\/v2\/comments?post=907"}],"version-history":[{"count":5,"href":"https:\/\/www.gmpuzzles.com\/blog\/wp-json\/wp\/v2\/pages\/907\/revisions"}],"predecessor-version":[{"id":30235,"href":"https:\/\/www.gmpuzzles.com\/blog\/wp-json\/wp\/v2\/pages\/907\/revisions\/30235"}],"wp:attachment":[{"href":"https:\/\/www.gmpuzzles.com\/blog\/wp-json\/wp\/v2\/media?parent=907"}],"curies":[{"name":"wp","href":"https:\/\/api.w.org\/{rel}","templated":true}]}}