{"id":11850,"date":"2020-12-21T07:00:00","date_gmt":"2020-12-21T15:00:00","guid":{"rendered":"https:\/\/www.gmpuzzles.com\/blog\/?page_id=11850"},"modified":"2023-11-24T10:00:25","modified_gmt":"2023-11-24T18:00:25","slug":"all-books-by-release-date","status":"publish","type":"page","link":"https:\/\/www.gmpuzzles.com\/blog\/all-books-by-release-date\/","title":{"rendered":"All Books (by release date)"},"content":{"rendered":"<p>Here are all of our book collections in publication order, available for purchase at our <a href=https:\/\/shop.gmpuzzles.com>e-store<\/a>!<\/p>\n<p>62. <a href=https:\/\/shop.gmpuzzles.com\/products\/30th-world-puzzle-championship-all-files>30th World Puzzle Championship Puzzle Files<\/a> (November, 2023)<br \/>\n61. <a href=https:\/\/shop.gmpuzzles.com\/products\/16th-world-sudoku-championship-all-files>16th World Sudoku Championship Puzzle Files<\/a> (November, 2023)<br \/>\n60. <a href=https:\/\/shop.gmpuzzles.com\/collections\/subscriptions\/products\/season-1-a-fresh-start-subscription-for-july-2023-september-2023-puzzles>GMPuzzles Subscription for Season 1 &#8211; A Fresh Start<\/a> (July, 2023)<br \/>\n59. <a href=https:\/\/shop.gmpuzzles.com\/products\/grandmaster-puzzles-quarterly-volume-6>Grandmaster Puzzles Quarterly: Volume 6<\/a>, edited by Serkan Y\u00fcrekli and Thomas Snyder (December, 2022)<br \/>\n58. <a href=https:\/\/shop.gmpuzzles.com\/products\/loop-variety-collection-2>Loop Variety Collection 2<\/a>, by Ashish Kumar, Murat Can Tonta, Prasanna Seshadri, and Serkan Y\u00fcrekli (December, 2022)<br \/>\n57. <a href=https:\/\/shop.gmpuzzles.com\/products\/starter-pack-5-star-battle>Starter Pack 5: Star Battle<\/a> by JinHoo Ahn (October, 2022)<br \/>\n56. <a href=https:\/\/shop.gmpuzzles.com\/products\/grandmaster-puzzles-quarterly-volume-5>Grandmaster Puzzles Quarterly: Volume 5<\/a>, edited by Serkan Y\u00fcrekli and Thomas Snyder (September, 2022)<br \/>\n55. <a href=https:\/\/shop.gmpuzzles.com\/products\/slitherlink-and-variations-2>Slitherlink and Variations 2<\/a> by Matej Uher (August, 2022)<br \/>\n54. <a href=https:\/\/shop.gmpuzzles.com\/products\/starter-pack-4-slitherlink>Starter Pack 4: Slitherlink<\/a> by Takeya Saikachi (August, 2022)<br \/>\n53. <a href=https:\/\/shop.gmpuzzles.com\/products\/masterpiece-sudoku-mix-8-shape-sudoku>Masterpiece Sudoku Mix 8: Shape Sudoku<\/a>, edited by Serkan Y\u00fcrekli (August, 2022)<br \/>\n52. <a href=https:\/\/shop.gmpuzzles.com\/collections\/masterpiece-sudoku-mix\/products\/masterpiece-sudoku-mix-7-sudoku>Masterpiece Sudoku Mix 7: Sudoku<\/a>, edited by Serkan Y\u00fcrekli (August, 2022)<br \/>\n51. <a href=https:\/\/shop.gmpuzzles.com\/products\/starter-pack-3-tomtom>Starter Pack 3: TomTom<\/a> by Thomas Snyder (July, 2022)<br \/>\n50. <a href=https:\/\/shop.gmpuzzles.com\/products\/grandmaster-puzzles-quarterly-volume-4>Grandmaster Puzzles Quarterly: Volume 4<\/a>, edited by Serkan Y\u00fcrekli (June, 2022)<br \/>\n49. <a href=https:\/\/shop.gmpuzzles.com\/collections\/classic-puzzles-and-variations\/products\/tapa-and-variations-3>Tapa and Variations 3<\/a> by Zolt\u00e1n Horv\u00e1th and Serkan Y\u00fcrekli (May, 2022)<br \/>\n48. <a href=https:\/\/shop.gmpuzzles.com\/products\/grandmaster-puzzles-quarterly-volume-3>Grandmaster Puzzles Quarterly: Volume 3<\/a>, edited by Serkan Y\u00fcrekli (April, 2022)<br \/>\n47. <a href=https:\/\/shop.gmpuzzles.com\/products\/starter-pack-2-tapa>Starter Pack 2: Tapa<\/a> by Serkan Y\u00fcrekli (April, 2022)<br \/>\n46. <a href=https:\/\/shop.gmpuzzles.com\/products\/masterpiece-sudoku-mix-6-consecutive-pairs-sudoku>Masterpiece Sudoku Mix 6: Consecutive Pairs Sudoku<\/a>, edited by Serkan Y\u00fcrekli (February, 2022)<br \/>\n45. <a href=https:\/\/shop.gmpuzzles.com\/products\/masterpiece-sudoku-mix-5-tight-fit-sudoku>Masterpiece Sudoku Mix 5: Tight Fit Sudoku<\/a>, edited by Serkan Y\u00fcrekli (February, 2022)<br \/>\n44. <a href=https:\/\/shop.gmpuzzles.com\/products\/starter-pack-1-fillomino>Starter Pack 1: Fillomino<\/a> by Grant Fikes (February, 2022)<br \/>\n43. <a href=https:\/\/shop.gmpuzzles.com\/products\/shading-variety-collection>Shading Variety Collection<\/a> by Prasanna Seshadri (January, 2022)<br \/>\n42. <a href=https:\/\/shop.gmpuzzles.com\/products\/grandmaster-puzzles-quarterly-volume-2>Grandmaster Puzzles Quarterly: Volume 2<\/a>, edited by Thomas Snyder and Serkan Y\u00fcrekli (December, 2021)<br \/>\n41. <a href=https:\/\/shop.gmpuzzles.com\/products\/masterpiece-sudoku-mix-4-outside-sudoku>Masterpiece Sudoku Mix 4: Outside Sudoku<\/a>, edited by Serkan Y\u00fcrekli (November, 2021)<br \/>\n40. <a href=https:\/\/shop.gmpuzzles.com\/products\/masterpiece-sudoku-mix-3-arrow-sudoku>Masterpiece Sudoku Mix 3: Arrow Sudoku<\/a>, edited by Serkan Y\u00fcrekli (November, 2021)<br \/>\n39. <a href=https:\/\/shop.gmpuzzles.com\/products\/star-battle-2>Star Battle 2<\/a>, by JinHoo Ahn and Murat Can Tonta (November, 2021)<br \/>\n38. <a href=https:\/\/shop.gmpuzzles.com\/products\/grandmaster-puzzles-quarterly-volume-1>Grandmaster Puzzles Quarterly: Volume 1<\/a>, edited by Thomas Snyder (September, 2021)<br \/>\n37. <a href=https:\/\/shop.gmpuzzles.com\/products\/masterpiece-sudoku-mix-2-thermo-sudoku>Masterpiece Sudoku Mix 2: Thermo-Sudoku<\/a>, edited by Serkan Y\u00fcrekli (August, 2021)<br \/>\n36. <a href=https:\/\/shop.gmpuzzles.com\/products\/masterpiece-sudoku-mix-1-even-odd-sudoku>Masterpiece Sudoku Mix 1: Even\/Odd Sudoku<\/a>, edited by Serkan Y\u00fcrekli (August, 2021)<br \/>\n35. <a href=https:\/\/shop.gmpuzzles.com\/products\/tomtom>TomTom<\/a>, by Ashish Kumar, JinHoo Ahn, Murat Can Tonta, and Serkan Y\u00fcrekli (July, 2021)<br \/>\n34. <a href=https:\/\/shop.gmpuzzles.com\/products\/loop-variety-collection>Loop Variety Collection<\/a>, by Ashish Kumar and Murat Can Tonta (April, 2021)<br \/>\n33. <a href=https:\/\/shop.gmpuzzles.com\/collections\/the-art-of-sudoku-2>The Art of Sudoku 2<\/a>, edited by Thomas Snyder (March, 2021)<br \/>\n32. <a href=https:\/\/shop.gmpuzzles.com\/collections\/smaller-puzzle-collections\/products\/balance-loop>Balance Loop<\/a> by Prasanna Seshadri and Murat Can Tonta (February, 2021)<br \/>\n31. <a href=https:\/\/shop.gmpuzzles.com\/collections\/smaller-puzzle-collections\/products\/araf>Araf<\/a> by Serkan Y\u00fcrekli (January, 2021)<br \/>\n30. <a href=https:\/\/shop.gmpuzzles.com\/collections\/smaller-puzzle-collections\/products\/star-battle>Star Battle<\/a> by JinHoo Ahn (December, 2020)<br \/>\n29. <a href=https:\/\/shop.gmpuzzles.com\/collections\/smaller-puzzle-collections\/products\/killer-sudoku>Killer Sudoku<\/a> by Serkan Y\u00fcrekli (December, 2020)<br \/>\n28. <a href=https:\/\/shop.gmpuzzles.com\/collections\/smaller-puzzle-collections\/products\/kurotto>Kurotto<\/a> by Prasanna Seshadri (November, 2020)<br \/>\n27. <a href=https:\/\/shop.gmpuzzles.com\/collections\/smaller-puzzle-collections\/products\/plenty-o-pentominous-3>Plenty o&#8217; Pentominous 3<\/a> by Grant Fikes and Murat Can Tonta (November, 2020)<br \/>\n26. <a href=https:\/\/shop.gmpuzzles.com\/collections\/smaller-puzzle-collections\/products\/yajilin-battleships>Yajilin Battleships<\/a> by Serkan Y\u00fcrekli  (November, 2020)<br \/>\n25. <a href=https:\/\/shop.gmpuzzles.com\/collections\/classic-puzzles-and-variations\/products\/tapa-and-variations-2>Tapa and Variations 2<\/a> by Serkan Y\u00fcrekli (May, 2020)<br \/>\n24. <a href=https:\/\/shop.gmpuzzles.com\/collections\/smaller-puzzle-collections\/products\/plenty-o-pentominous-2>Plenty o&#8217; Pentominous 2<\/a> by Grant Fikes and Murat Can Tonta (February, 2020)<br \/>\n23. <a href=https:\/\/shop.gmpuzzles.com\/collections\/smaller-puzzle-collections\/products\/yajilin>Yajilin<\/a> by Murat Can Tonta and Prasanna Seshadri (November, 2019)<br \/>\n22. <a href=https:\/\/shop.gmpuzzles.com\/collections\/special-books\/products\/the-puzzlemasters-workshop>The Puzzlemasters&#8217; Workshop<\/a>, edited by Thomas Snyder (June, 2019)<br \/>\n21. <a href=https:\/\/shop.gmpuzzles.com\/collections\/smaller-puzzle-collections\/products\/skyscrapers>Skyscrapers<\/a> by Ashish Kumar (March, 2019)<br \/>\n20. <a href=https:\/\/shop.gmpuzzles.com\/collections\/smaller-puzzle-collections\/products\/nurikabe>Nurikabe<\/a> by Ashish Kumar (November, 2018)<br \/>\n19. <a href=https:\/\/shop.gmpuzzles.com\/collections\/smaller-puzzle-collections\/products\/castle-wall>Castle Wall<\/a> by Serkan Y\u00fcrekli (October, 2018)<br \/>\n18. <a href=https:\/\/shop.gmpuzzles.com\/collections\/books\/products\/intro-to-gmpuzzles-complete-book-all-6-parts>Intro to GMPuzzles<\/a> by Serkan Y\u00fcrekli (August, 2018)<br \/>\n17. <a href=https:\/\/shop.gmpuzzles.com\/products\/statue-park>Statue Park<\/a> by Murat Can Tonta (July, 2018)<br \/>\n16. <a href=https:\/\/shop.gmpuzzles.com\/collections\/smaller-puzzle-collections\/products\/fill-o-fillomino-2>Fill o&#8217; Fillomino 2<\/a> by Grant Fikes (June, 2018)<br \/>\n15. <a href=https:\/\/shop.gmpuzzles.com\/products\/a-number-o-nanro>A Number o&#8217; Nanro<\/a> by Prasanna Seshadri (May, 2018)<br \/>\n14. <a href=https:\/\/shop.gmpuzzles.com\/collections\/books\/products\/the-art-of-puzzles-complete-book-all-5-parts>The Art of Puzzles 2: Double Trouble<\/a>, edited by Thomas Snyder (April, 2018)<br \/>\n13. <a href=https:\/\/shop.gmpuzzles.com\/collections\/smaller-puzzle-collections\/products\/plenty-o-pentominous>Plenty o&#8217; Pentominous<\/a> by Grant Fikes and Murat Can Tonta (March, 2018)<br \/>\n12. <a href=https:\/\/shop.gmpuzzles.com\/collections\/classic-puzzles-and-variations\/products\/battleships-and-variations>Battleships and Variations<\/a> by Serkan Y\u00fcrekli (July, 2017)<br \/>\n11. <a href=https:\/\/shop.gmpuzzles.com\/collections\/classic-puzzles-and-variations\/products\/slitherlink-and-variations>Slitherlink and Variations<\/a> by Serkan Y\u00fcrekli (April, 2017)<br \/>\n10. <a href=https:\/\/shop.gmpuzzles.com\/collections\/books\/products\/colossal-cave-collection>Colossal Cave Collection<\/a> by Roger Barkan (January, 2017)<br \/>\n9. <a href=https:\/\/shop.gmpuzzles.com\/collections\/books\/products\/logic-puzzles-101>Logic Puzzles 101<\/a> by Grant Fikes (December, 2016)<br \/>\n8. <a href=https:\/\/shop.gmpuzzles.com\/collections\/classic-puzzles-and-variations\/products\/snake-and-variations>Snake and Variations<\/a> by Serkan Y\u00fcrekli (December, 2016)<br \/>\n7. <a href=https:\/\/shop.gmpuzzles.com\/collections\/classic-puzzles-and-variations\/products\/kakuro-and-variations>Kakuro and Variations<\/a> by Serkan Y\u00fcrekli (September, 2016)<br \/>\n6. <a href=https:\/\/shop.gmpuzzles.com\/collections\/classic-puzzles-and-variations\/products\/tapa-and-variations>Tapa and Variations<\/a> by Serkan Y\u00fcrekli (July, 2016)<br \/>\n5. <a href=https:\/\/shop.gmpuzzles.com\/collections\/smaller-puzzle-collections\/products\/tapa-like-loop-collection>Tapa-Like Loop Collection<\/a> by Prasanna Seshadri (March, 2015)<br \/>\n4. <a href=https:\/\/shop.gmpuzzles.com\/collections\/smaller-puzzle-collections\/products\/fill-o-fillomino>Fill o&#8217; Fillomino<\/a> by Grant Fikes (November, 2014)<br \/>\n3. <a href=https:\/\/shop.gmpuzzles.com\/collections\/smaller-puzzle-collections\/products\/lots-o-lits>LOTS O&#8217; LITS<\/a> by Grant Fikes and Prasanna Seshadri (July, 2014)<br \/>\n2. <a href=https:\/\/shop.gmpuzzles.com\/collections\/books\/products\/the-art-of-puzzles-complete-book-all-5-parts-1>The Art of Puzzles<\/a>, edited by Thomas Snyder (June, 2014)<br \/>\n1. <a href=https:\/\/shop.gmpuzzles.com\/collections\/books\/products\/the-art-of-sudoku>The Art of Sudoku<\/a> by Thomas Snyder (April, 2012)<\/p>\n","protected":false},"excerpt":{"rendered":"<p>Here are all of our book collections in publication order, available for purchase at our e-store! 62. 30th World Puzzle Championship Puzzle Files (November, 2023) 61. 16th World Sudoku Championship Puzzle Files (November, 2023) 60. GMPuzzles Subscription for Season 1 &#8211; A Fresh Start (July, 2023) 59. Grandmaster Puzzles Quarterly: Volume 6, edited by Serkan [&hellip;]<\/p>\n","protected":false},"author":1,"featured_media":0,"parent":0,"menu_order":0,"comment_status":"closed","ping_status":"closed","template":"","meta":{"footnotes":""},"class_list":["post-11850","page","type-page","status-publish","hentry"],"yoast_head":"<!-- This site is optimized with the Yoast SEO plugin v27.3 - https:\/\/yoast.com\/product\/yoast-seo-wordpress\/ -->\n<title>All Books (by release date) - The Art of Puzzles<\/title>\n<meta name=\"robots\" content=\"index, follow, max-snippet:-1, max-image-preview:large, max-video-preview:-1\" \/>\n<link rel=\"canonical\" href=\"https:\/\/www.gmpuzzles.com\/blog\/all-books-by-release-date\/\" \/>\n<meta property=\"og:locale\" content=\"en_US\" \/>\n<meta property=\"og:type\" content=\"article\" \/>\n<meta property=\"og:title\" content=\"All Books (by release date) - The Art of Puzzles\" \/>\n<meta property=\"og:description\" content=\"Here are all of our book collections in publication order, available for purchase at our e-store! 62. 30th World Puzzle Championship Puzzle Files (November, 2023) 61. 16th World Sudoku Championship Puzzle Files (November, 2023) 60. GMPuzzles Subscription for Season 1 &#8211; A Fresh Start (July, 2023) 59. Grandmaster Puzzles Quarterly: Volume 6, edited by Serkan [&hellip;]\" \/>\n<meta property=\"og:url\" content=\"https:\/\/www.gmpuzzles.com\/blog\/all-books-by-release-date\/\" \/>\n<meta property=\"og:site_name\" content=\"The Art of Puzzles\" \/>\n<meta property=\"article:modified_time\" content=\"2023-11-24T18:00:25+00:00\" \/>\n<meta name=\"twitter:card\" content=\"summary_large_image\" \/>\n<meta name=\"twitter:site\" content=\"@drsudoku\" \/>\n<meta name=\"twitter:label1\" content=\"Est. reading time\" \/>\n\t<meta name=\"twitter:data1\" content=\"3 minutes\" \/>\n<script type=\"application\/ld+json\" class=\"yoast-schema-graph\">{\"@context\":\"https:\\\/\\\/schema.org\",\"@graph\":[{\"@type\":\"WebPage\",\"@id\":\"https:\\\/\\\/www.gmpuzzles.com\\\/blog\\\/all-books-by-release-date\\\/\",\"url\":\"https:\\\/\\\/www.gmpuzzles.com\\\/blog\\\/all-books-by-release-date\\\/\",\"name\":\"All Books (by release date) - The Art of Puzzles\",\"isPartOf\":{\"@id\":\"https:\\\/\\\/www.gmpuzzles.com\\\/blog\\\/#website\"},\"datePublished\":\"2020-12-21T15:00:00+00:00\",\"dateModified\":\"2023-11-24T18:00:25+00:00\",\"breadcrumb\":{\"@id\":\"https:\\\/\\\/www.gmpuzzles.com\\\/blog\\\/all-books-by-release-date\\\/#breadcrumb\"},\"inLanguage\":\"en-US\",\"potentialAction\":[{\"@type\":\"ReadAction\",\"target\":[\"https:\\\/\\\/www.gmpuzzles.com\\\/blog\\\/all-books-by-release-date\\\/\"]}]},{\"@type\":\"BreadcrumbList\",\"@id\":\"https:\\\/\\\/www.gmpuzzles.com\\\/blog\\\/all-books-by-release-date\\\/#breadcrumb\",\"itemListElement\":[{\"@type\":\"ListItem\",\"position\":1,\"name\":\"Home\",\"item\":\"https:\\\/\\\/www.gmpuzzles.com\\\/blog\\\/\"},{\"@type\":\"ListItem\",\"position\":2,\"name\":\"All Books (by release date)\"}]},{\"@type\":\"WebSite\",\"@id\":\"https:\\\/\\\/www.gmpuzzles.com\\\/blog\\\/#website\",\"url\":\"https:\\\/\\\/www.gmpuzzles.com\\\/blog\\\/\",\"name\":\"The Art of Puzzles\",\"description\":\"Grandmaster Puzzles\",\"potentialAction\":[{\"@type\":\"SearchAction\",\"target\":{\"@type\":\"EntryPoint\",\"urlTemplate\":\"https:\\\/\\\/www.gmpuzzles.com\\\/blog\\\/?s={search_term_string}\"},\"query-input\":{\"@type\":\"PropertyValueSpecification\",\"valueRequired\":true,\"valueName\":\"search_term_string\"}}],\"inLanguage\":\"en-US\"}]}<\/script>\n<!-- \/ Yoast SEO plugin. -->","yoast_head_json":{"title":"All Books (by release date) - The Art of Puzzles","robots":{"index":"index","follow":"follow","max-snippet":"max-snippet:-1","max-image-preview":"max-image-preview:large","max-video-preview":"max-video-preview:-1"},"canonical":"https:\/\/www.gmpuzzles.com\/blog\/all-books-by-release-date\/","og_locale":"en_US","og_type":"article","og_title":"All Books (by release date) - The Art of Puzzles","og_description":"Here are all of our book collections in publication order, available for purchase at our e-store! 62. 30th World Puzzle Championship Puzzle Files (November, 2023) 61. 16th World Sudoku Championship Puzzle Files (November, 2023) 60. GMPuzzles Subscription for Season 1 &#8211; A Fresh Start (July, 2023) 59. Grandmaster Puzzles Quarterly: Volume 6, edited by Serkan [&hellip;]","og_url":"https:\/\/www.gmpuzzles.com\/blog\/all-books-by-release-date\/","og_site_name":"The Art of Puzzles","article_modified_time":"2023-11-24T18:00:25+00:00","twitter_card":"summary_large_image","twitter_site":"@drsudoku","twitter_misc":{"Est. reading time":"3 minutes"},"schema":{"@context":"https:\/\/schema.org","@graph":[{"@type":"WebPage","@id":"https:\/\/www.gmpuzzles.com\/blog\/all-books-by-release-date\/","url":"https:\/\/www.gmpuzzles.com\/blog\/all-books-by-release-date\/","name":"All Books (by release date) - The Art of Puzzles","isPartOf":{"@id":"https:\/\/www.gmpuzzles.com\/blog\/#website"},"datePublished":"2020-12-21T15:00:00+00:00","dateModified":"2023-11-24T18:00:25+00:00","breadcrumb":{"@id":"https:\/\/www.gmpuzzles.com\/blog\/all-books-by-release-date\/#breadcrumb"},"inLanguage":"en-US","potentialAction":[{"@type":"ReadAction","target":["https:\/\/www.gmpuzzles.com\/blog\/all-books-by-release-date\/"]}]},{"@type":"BreadcrumbList","@id":"https:\/\/www.gmpuzzles.com\/blog\/all-books-by-release-date\/#breadcrumb","itemListElement":[{"@type":"ListItem","position":1,"name":"Home","item":"https:\/\/www.gmpuzzles.com\/blog\/"},{"@type":"ListItem","position":2,"name":"All Books (by release date)"}]},{"@type":"WebSite","@id":"https:\/\/www.gmpuzzles.com\/blog\/#website","url":"https:\/\/www.gmpuzzles.com\/blog\/","name":"The Art of Puzzles","description":"Grandmaster Puzzles","potentialAction":[{"@type":"SearchAction","target":{"@type":"EntryPoint","urlTemplate":"https:\/\/www.gmpuzzles.com\/blog\/?s={search_term_string}"},"query-input":{"@type":"PropertyValueSpecification","valueRequired":true,"valueName":"search_term_string"}}],"inLanguage":"en-US"}]}},"_links":{"self":[{"href":"https:\/\/www.gmpuzzles.com\/blog\/wp-json\/wp\/v2\/pages\/11850","targetHints":{"allow":["GET"]}}],"collection":[{"href":"https:\/\/www.gmpuzzles.com\/blog\/wp-json\/wp\/v2\/pages"}],"about":[{"href":"https:\/\/www.gmpuzzles.com\/blog\/wp-json\/wp\/v2\/types\/page"}],"author":[{"embeddable":true,"href":"https:\/\/www.gmpuzzles.com\/blog\/wp-json\/wp\/v2\/users\/1"}],"replies":[{"embeddable":true,"href":"https:\/\/www.gmpuzzles.com\/blog\/wp-json\/wp\/v2\/comments?post=11850"}],"version-history":[{"count":5,"href":"https:\/\/www.gmpuzzles.com\/blog\/wp-json\/wp\/v2\/pages\/11850\/revisions"}],"predecessor-version":[{"id":26549,"href":"https:\/\/www.gmpuzzles.com\/blog\/wp-json\/wp\/v2\/pages\/11850\/revisions\/26549"}],"wp:attachment":[{"href":"https:\/\/www.gmpuzzles.com\/blog\/wp-json\/wp\/v2\/media?parent=11850"}],"curies":[{"name":"wp","href":"https:\/\/api.w.org\/{rel}","templated":true}]}}